List the prime factors of 10314711.
3, 11, 43, 2423
What are the prime factors of 10875146?
2, 5437573
What are the prime factors of 369346?
2, 151, 1223
List the prime factors of 1884011.
1884011
What are the prime factors of 738184?
2, 53, 1741
List the prime factors of 465363.
3, 29, 1783
What are the prime factors of 1201898?
2, 600949
What are the prime factors of 568172?
2, 11, 37, 349
What are the prime factors of 100807?
7, 14401
What are the prime factors of 3517938?
2, 3, 65147
What are the prime factors of 250243?
7, 5107
What are the prime factors of 1581053?
1581053
What are the prime factors of 136768?
2, 2137
List the prime factors of 156271.
31, 71
List the prime factors of 2761429.
11, 17, 14767
What are the prime factors of 3094688?
2, 97, 997
List the prime factors of 20243364.
2, 3, 421, 4007
List the prime factors of 255241.
7, 5209
What are the prime factors of 3292630?
2, 5, 11, 37, 809
List the prime factors of 1163490.
2, 3, 5, 38783
What are the prime factors of 10612722?
2, 3, 1768787
List the prime factors of 31085236.
2, 7, 13, 23, 47, 79
List the prime factors of 808741.
17, 113, 421
List the prime factors of 1924753.
1924753
List the prime factors of 3649196.
2, 31, 29429
List the prime factors of 305449.
305449
What are the prime factors of 7792969?
73, 106753
List the prime factors of 448794.
2, 3, 8311
List the prime factors of 208403.
13, 17, 23, 41
List the prime factors of 3808404.
2, 3, 179, 197
What are the prime factors of 504316?
2, 126079
List the prime factors of 977433.
3, 43, 7577
List the prime factors of 3129272.
2, 391159
List the prime factors of 7916861.
7916861
List the prime factors of 177702.
2, 3, 7, 4231
List the prime factors of 169511.
337, 503
What are the prime factors of 456721?
29, 15749
What are the prime factors of 195563?
269, 727
What are the prime factors of 84871?
84871
What are the prime factors of 3303091?
11, 467, 643
What are the prime factors of 4384426?
2, 37, 179, 331
List the prime factors of 82005.
3, 5, 7, 11, 71
What are the prime factors of 1157337?
3, 23, 5591
List the prime factors of 1599596.
2, 399899
What are the prime factors of 5870452?
2, 7, 209659
What are the prime factors of 12843586?
2, 7, 83, 1579
List the prime factors of 216071.
216071
What are the prime factors of 3491115?
3, 5, 232741
List the prime factors of 252955.
5, 50591
What are the prime factors of 122865?
3, 5, 8191
List the prime factors of 6973329.
3, 11, 211313
What are the prime factors of 44489?
17, 2617
List the prime factors of 1079024.
2, 17, 3967
List the prime factors of 240492.
2, 3, 7, 409
List the prime factors of 19338414.
2, 3, 3223069
List the prime factors of 2168685.
3, 5, 48193
List the prime factors of 29383676.
2, 7, 401, 2617
What are the prime factors of 928529?
7, 132647
What are the prime factors of 280443?
3, 93481
What are the prime factors of 6231362?
2, 79, 39439
What are the prime factors of 401065?
5, 7, 1637
List the prime factors of 13425866.
2, 6712933
What are the prime factors of 6365704?
2, 795713
List the prime factors of 3427637.
101, 33937
What are the prime factors of 6088668?
2, 3, 89, 5701
What are the prime factors of 16866067?
16866067
What are the prime factors of 87759?
3, 7, 199
What are the prime factors of 10795133?
3023, 3571
What are the prime factors of 866904?
2, 3, 41, 881
List the prime factors of 327689.
327689
List the prime factors of 177695.
5, 7, 5077
What are the prime factors of 4805771?
1103, 4357
List the prime factors of 660677.
79, 8363
List the prime factors of 19448.
2, 11, 13, 17
What are the prime factors of 6779212?
2, 11, 154073
List the prime factors of 705070.
2, 5, 70507
List the prime factors of 44443.
7, 907
What are the prime factors of 85949?
61, 1409
List the prime factors of 1628365.
5, 325673
What are the prime factors of 24530?
2, 5, 11, 223
What are the prime factors of 6944220?
2, 3, 5, 173, 223
What are the prime factors of 236257?
7, 33751
List the prime factors of 207732.
2, 3, 7, 2473
List the prime factors of 3531826.
2, 1765913
What are the prime factors of 12438309?
3, 13, 43, 7417
List the prime factors of 25410509.
199, 127691
List the prime factors of 177796.
2, 44449
What are the prime factors of 18135?
3, 5, 13, 31
List the prime factors of 35098241.
61, 557, 1033
What are the prime factors of 4069388?
2, 1017347
What are the prime factors of 393157?
393157
What are the prime factors of 5719026?
2, 3, 953171
List the prime factors of 42581.
7, 11, 79
List the prime factors of 2898580.
2, 5, 37, 3917
List the prime factors of 180081.
3, 11, 17, 107
List the prime factors of 385431.
3, 128477
What are the prime factors of 35535066?
2, 3, 7, 17, 157, 317
List the prime factors of 10798846.
2, 29, 186187
What are the prime factors of 2353320?
2, 3, 5, 2179
What are the prime factors of 187763?
187763
List the prime factors of 375244.
2, 93811
List the prime factors of 97101.
3, 10789
What are the prime factors of 120395?
5, 11, 199
List the prime factors of 1347983.
7, 13, 14813
List the prime factors of 148524.
2, 3, 12377
List the prime factors of 202988.
2, 31, 1637
What are the prime factors of 1808031?
3, 602677
List the prime factors of 14032359.
3, 11, 15749
What are the prime factors of 156922?
2, 31, 2531
What are the prime factors of 1628217?
3, 113, 1601
List the prime factors of 447968.
2, 13999
List the prime factors of 13957342.
2, 7, 996953
What are the prime factors of 9016270?
2, 5, 79, 101, 113
List the prime factors of 295951.
295951
List the prime factors of 416199.
3, 7, 19819
What are the prime factors of 790829?
13, 127, 479
List the prime factors of 985832.
2, 123229
What are the prime factors of 4806835?
5, 11, 17, 53, 97
List the prime factors of 27059462.
2, 2713, 4987
What are the prime factors of 4255719?
3, 13, 109121
List the prime factors of 1102975.
5, 44119
List the prime factors of 252871.
19, 13309
What are the prime factors of 8744298?
2, 3, 163, 8941
List the prime factors of 1072595.
5, 214519
What are the prime factors of 867418?
2, 59, 7351
List the prime factors of 3564768.
2, 3, 71, 523
What are the prime factors of 13741536?
2, 3, 143141
What are the prime factors of 43898552?
2, 1049, 5231
List the prime factors of 194518.
2, 97259
What are the prime factors of 1292768?
2, 71, 569
What are the prime factors of 676582?
2, 37, 41, 223
What are the prime factors of 6628089?
3, 13, 169951
List the prime factors of 11878455.
3, 5, 791897
List the prime factors of 1315095.
3, 5, 73, 1201
What are the prime factors of 91550?
2, 5, 1831
What are the prime factors of 14371599?
3, 11, 435503
List the prime factors of 2464654.
2, 1232327
What are the prime factors of 113464?
2, 13, 1091
What are the prime factors of 3333261?
3, 1111087
List the prime factors of 2325010.
2, 5, 43, 5407
List the prime factors of 5537465.
5, 263, 4211
What are the prime factors of 350454?
2, 3, 13, 4493
List the prime factors of 32666348.
2, 11, 13, 23, 191
What are the prime factors of 7474994?
2, 137, 27281
List the prime factors of 1018760.
2, 5, 25469
What are the prime factors of 255610?
2, 5, 25561
List the prime factors of 399781.
399781
List the prime factors of 401320.
2, 5, 79, 127
What are the prime factors of 861115?
5, 172223
What are the prime factors of 42978?
2, 3, 13, 19, 29
List the prime factors of 93565.
5, 18713
List the prime factors of 29316562.
2, 11, 1332571
List the prime factors of 509816.
2, 63727
What are the prime factors of 17271515?
5, 3454303
List the prime factors of 37288.
2, 59, 79
What are the prime factors of 5370721?
5370721
What are the prime factors of 6925298?
2, 53, 79, 827
List the prime factors of 3096069.
3, 19, 29, 1873
What are the prime factors of 2240267?
2240267
What are the prime factors of 207598?
2, 23, 4513
List the prime factors of 98915.
5, 73, 271
List the prime factors of 962350.
2, 5, 19, 1013
What are the prime factors of 272194?
2, 13, 19, 29
List the prime factors of 4442962.
2, 1451, 1531
What are the prime factors of 4930163?
7, 704309
What are the prime factors of 11811635?
5, 11, 19, 89, 127
What are the prime factors of 4775143?
4775143
List the prime factors of 349277.
19, 31, 593
What are the prime factors of 3